10440
In base 14, what is -3 + -7?
-a
In base 11, what is -387 + -5?
-391
In base 15, what is -3 + 10b?
108
In base 12, what is 3 + 85?
88
In base 5, what is -2003 + 10?
-1443
In base 5, what is -4 + 221?
212
In base 10, what is 0 + -8?
-8
In base 6, what is -1130 - 2?
-1132
In base 6, what is 35 + -1324?
-1245
In base 8, what is -3 - 26?
-31
In base 10, what is -61 - 15?
-76
In base 8, what is 3 + 3023?
3026
In base 5, what is 110 + 1?
111
In base 8, what is 405 + -12?
373
In base 2, what is -100011 + 10101?
-1110
In base 4, what is 133213 + 2?
133221
In base 2, what is -10100000 + 1?
-10011111
In base 11, what is 4 + -1665?
-1661
In base 4, what is -200110 + 23?
-200021
In base 6, what is 343 - 2?
341
In base 13, what is -10 - 42?
-52
In base 15, what is -b6 - 1?
-b7
In base 16, what is e - -a?
18
In base 6, what is 14 - -1233?
1251
In base 14, what is d9 + -1?
d8
In base 11, what is -34 + -5?
-39
In base 9, what is 452 - -28?
481
In base 4, what is 210 - 223?
-13
In base 6, what is 223 + -5?
214
In base 2, what is 10111110 + 101?
11000011
In base 13, what is 17 - -9?
23
In base 16, what is 2a + -26?
4
In base 9, what is -11743 - -3?
-11740
In base 3, what is -12 + 122?
110
In base 5, what is 3 + 123?
131
In base 15, what is -5 - 41e?
-424
In base 16, what is -a68 - 4?
-a6c
In base 7, what is 112 + 33?
145
In base 3, what is 100 - -20022?
20122
In base 10, what is -1782 + -6?
-1788
In base 4, what is -2 - -3211?
3203
In base 11, what is -8 - 337?
-344
In base 9, what is -424 - -2?
-422
In base 7, what is 115 - -6?
124
In base 3, what is -1 - 1010100?
-1010101
In base 9, what is -103 + 2?
-101
In base 15, what is 0 - -c?
c
In base 9, what is 2 + -3873?
-3871
In base 3, what is -1201121 + 11?
-1201110
In base 12, what is 208 - 7?
201
In base 15, what is 3 + 43?
46
In base 5, what is 10 - -1012?
1022
In base 15, what is 1 - -75?
76
In base 3, what is 10 - -11122002?
11122012
In base 7, what is -1010 - 25?
-1035
In base 4, what is 321 + -1?
320
In base 7, what is -4 + 55?
51
In base 7, what is -103 - 5?
-111
In base 10, what is -783 - 7?
-790
In base 3, what is -11022 + 21?
-11001
In base 14, what is 14 + 3?
17
In base 11, what is -334 - 0?
-334
In base 11, what is -29 + 0?
-29
In base 9, what is 2 - 233?
-231
In base 13, what is -2 + -366?
-368
In base 6, what is 5 + 312?
321
In base 6, what is -10 - 11503?
-11513
In base 4, what is 10110 - 10?
10100
In base 6, what is -1034 + 2?
-1032
In base 8, what is 3 - 31?
-26
In base 6, what is -2 - 141?
-143
In base 13, what is -161 - -50?
-111
In base 11, what is -332 - -5?
-328
In base 6, what is 11 - 45?
-34
In base 2, what is 11000011 + 0?
11000011
In base 5, what is -12034 + -1?
-12040
In base 13, what is -237 + -1?
-238
In base 10, what is 51 - 1?
50
In base 15, what is 172 - 5?
16c
In base 12, what is 4 - 477?
-473
In base 13, what is -40cc - -1?
-40cb
In base 4, what is 2222 + -13?
2203
In base 4, what is -233132 - 2?
-233200
In base 10, what is 17 + -124?
-107
In base 5, what is -100 - 10?
-110
In base 13, what is -6 - 18c?
-195
In base 11, what is 1 - 36?
-35
In base 2, what is -1001100110 + -100?
-1001101010
In base 4, what is 1330010 - 1?
1330003
In base 14, what is -3 - 51?
-54
In base 12, what is 2276 + -4?
2272
In base 10, what is -19923 - 0?
-19923
In base 14, what is ca + -5?
c5
In base 2, what is -100101 + 111111?
11010
In base 4, what is -3 - -3223?
3220
In base 16, what is -e + 5?
-9
In base 10, what is -1484 + -1?
-1485
In base 4, what is 130 + 131?
321
In base 16, what is 37 + 5?
3c
In base 4, what is 301 - 231?
10
In base 15, what is 0 + -2b?
-2b
In base 5, what is 1233 - -14?
1302
In base 12, what is 4 - -4?
8
In base 8, what is 36 - 407?
-351
In base 9, what is 178 + 34?
223
In base 15, what is -6 + -14?
-1a
In base 9, what is 8885 + -3?
8882
In base 9, what is 4 + -100?
-85
In base 5, what is 1 - -1423?
1424
In base 5, what is -13 + 1133?
1120
In base 13, what is 3 - 1b6?
-1b3
In base 13, what is -1c6 - 3?
-1c9
In base 12, what is 23a7 + -5?
23a2
In base 3, what is 2102 + 2011?
11120
In base 12, what is 22a + -a?
220
In base 9, what is 147 - 13?
134
In base 2, what is 100110010 + 11?
100110101
In base 15, what is c - -c?
19
In base 13, what is 5b - -96?
124
In base 3, what is -1 - 110222?
-111000
In base 10, what is -1425 + -4?
-1429
In base 13, what is -137 + 0?
-137
In base 4, what is 2102 + 111?
2213
In base 15, what is 3 + -41?
-3d
In base 13, what is -12 - 5?
-17
In base 13, what is 127 - 5?
122
In base 15, what is ee5 + 1?
ee6
In base 5, what is 1 - -40102?
40103
In base 2, what is -100111000 - -10?
-100110110
In base 11, what is 3a0 + 0?
3a0
In base 12, what is 1bb - -1?
200
In base 5, what is 144 + 14?
213
In base 13, what is 641 + -3?
63b
In base 3, what is -1 + 2201202?
2201201
In base 11, what is 216 + -19?
1a8
In base 4, what is -2 + 1030?
1022
In base 15, what is -5 + -18?
-1d
In base 4, what is 22110 - 3?
22101
In base 15, what is -1 - 7?
-8
In base 15, what is -4 - -6d1?
6cc
In base 9, what is 503 - -2?
505
In base 4, what is -230310 + -3?
-230313
In base 3, what is 2101 - 1?
2100
In base 13, what is -1 - 3?
-4
In base 15, what is d - -15?
23
In base 4, what is 231322 + -2?
231320
In base 5, what is -3421130 - -10?
-3421120
In base 5, what is 1 - 1102?
-1101
In base 9, what is -10 + -48?
-58
In base 7, what is -4 + -24?
-31
In base 6, what is -130 + 0?
-130
In base 10, what is 196 - 3?
193
In base 10, what is -1 + 861?
860
In base 8, what is -55315 + 5?
-55310
In base 2, what is 1 + -1011101111011?
-1011101111010
In base 15, what is 1 - 30d?
-30c
In base 10, what is -5161 - 2?
-5163
In base 6, what is -52002 + 1?
-52001
In base 7, what is -1642 + -1?
-1643
In base 9, what is -6 - 323?
-330
In base 7, what is 44 - 150?
-103
In base 2, what is 100 + 10000?
10100
In base 9, what is 5 - 15?
-10
In base 4, what is 2102 - 1?
2101
In base 5, what is -10 + -144412?
-144422
In base 11, what is -13 - -4?
-a
In base 5, what is 2 - -223?
230
In base 12, what is 0 + 3a3?
3a3
In base 13, what is -21 + c?
-12
In base 8, what is -5 + -62?
-67
In base 3, what is -10 + -2221022?
-2221102
In base 11, what is 0 + -647?
-647
In base 14, what is -3d1a + 3?
-3d17
In base 14, what is -510 - -4?
-50a
In base 15, what is 1 + 92?
93
In base 12, what is 5 - 15b?
-156
In base 9, what is 46 + 113?
160
In base 6, what is 0 - -104?
104
In base 12, what is -117 - -4?
-113
In base 16, what is 358b + -3?
3588
In base 5, what is -4 + 333?
324
In base 16, what is -45 + 1?
-44
In base 9, what is -164 - -62?
-102
In base 14, what is -834 + -1?
-835
In base 8, what is 3 + -473?
-470
In base 11, what is -41a + 3?
-417
In base 6, what is 132120 + 2?
132122
In base 5, what is 0 + 100?
100
In base 14, what is -1 - -210?
20d
In base 14, what is -38c + -5?
-393
In base 15, what is 5e9 + -1?
5e8
In base 4, what is -2212 - 10?
-2222
In base 4, what is 0 + 1321?
1321
In base 12, what is 5 - 8a7?
-8a2
In base 12, what is 1 + 4?
5
In base 5, what is 1 + 1342?
1343
In base 4, what is 2001 - -13?
2020
In base 16, what is 72c - -2?
72e
In base 14, what is -10 + 2a?
1a
In base 10, what is 1 - -45?
46
In base 15, what is ac + 8?
b5
In base 15, what is 127 - -3?
12a
In base 7, what is 24 + 30?
54
In base 3, what is -111211 + 2?
-111202
In base 9, what is -144 - 0?
-144
In base 9, what is 168 + -1?
167
In base 7, what is -2333 - -1?
-2332
In base 15, what is d0 - -3?
d3
In base 12, what is -184 - -1a?
-166
In base 3, what is 102 - -101?
210
In base 14, what is 0 - 104?
-104
In base 15, what is -1ca - 5?
-1d0
In base 10, what is 24 - 5?
19
In base 4, what is 13 + -32?
-13
In base 3, what is 0 - -10100?
10100
In base 12, what is -7 - -1a?
13
In base 13, what is 4 + -1831?
-182a
In base 3, what is 10 - 2102011?
-2102001
In base 14, what is 7c7 - 5?
7c2
In base 5, what is 100 + -31?
14
In base 2, what is 100 - 11111111?
-11111011
In base 2, what is 10 - 1101?
-1011
In base 8, what is -1475 - -5?
-1470
In base 16, what is -3 - -58?
55
In base 2, what is 1000 - -11111110?
100000110
In base 6, what is -2545 + -4?
-2553
In base 8, what is 1370 - 4?
1364
In base 13, what is -54 - -36?
-1b
In base 7, what is -1425 + 0?
-1425
In base 2, what is 111011 - 1?
111010
In base 10, what is 37 + 253?
290
In base 14, what is 1 + -358?